nder when 5 + -6*(-2359)/21 is divided by 31?
28
Let q(x) = -52*x + 226. Let y(d) = -17*d + 75. Let w(b) = 2*q(b) - 7*y(b). Suppose -3*k = 2*k - 470. What is the remainder when k is divided by w(7)?
30
Suppose -9*t - 2*t + 66 = 0. Suppose q + 530 = t*q. Calculate the remainder when q is divided by 37.
32
Let r = 1002 + -600. Suppose -10*m - r = -13*m. What is the remainder when m is divided by 34?
32
Let o(d) = -2*d + 16. Let u be o(8). Suppose u = -3*v - h + 298, -v = -6*v - h + 498. Suppose -5*b = -0*b - v. What is the remainder when 57 is divided by b?
17
What is the remainder when 1*(-9)/((-18)/34) is divided by 10?
7
Let m(v) = v**3 + v + 15. Let o(n) = n - 8. Suppose 0 = -2*y + 4*y - 16. Let g be o(y). What is the remainder when m(g) is divided by 9?
6
Let p(z) = -z**3 + z**2 - 3*z + 1. Let y be p(0). What is the remainder when 64 is divided by (y + -23)/((-26)/13)?
9
Let g(o) = 2*o**2 + 74*o + 73. Let r(a) = a - 5. Suppose w + 5*b = -2*w + 18, 5*w + 5*b - 30 = 0. What is the remainder when g(-36) is divided by r(w)?
0
Let p(b) = -b**3 + 19*b**2 - 26*b - 38. What is the remainder when p(16) is divided by 9?
8
Let c(o) = o**3 + o**2 - o - 1. Let y be c(-4). Let a = -13 - -35. Calculate the remainder when (210/(-25))/(6/y) is divided by a.
19
Let v = -2452 + 2477. What is the remainder when 152 is divided by v?
2
Let g be 4*-1*382/(-8). Suppose -5*b + 2*b = -2*w + g, -471 = -5*w + b. Suppose q = 4*q + f - 282, w = q - 3*f. What is the remainder when q is divided by 24?
22
Let x = 235 - 194. What is the remainder when 42 is divided by x?
1
Suppose 4*z - 1297 = -433. Suppose 18*q - 9*q = z. Let u = -80 + 125. Calculate the remainder when u is divided by q.
21
Suppose 6*c + 3540 = 4*c. Calculate the remainder when 0 + (-2)/(-3) - c/45 is divided by 7.
5
Let v = -95 + 73. Let i = -9 - v. Calculate the remainder when 23 is divided by i.
10
Let w = 304 + -129. Suppose 4*a - 2*d - 710 = -0*d, -a + w = -d. Suppose 0 = -7*y + 12*y - a. What is the remainder when y is divided by 19?
17
Let z(g) = -193*g - 438. Calculate the remainder when z(-9) is divided by 25.
24
Let k(q) = -3*q + 90. What is the remainder when k(-8) is divided by 26?
10
Let i be (-2)/7 + 142/7. Let r = i + -9. What is the remainder when r is divided by 12 + 3*(350/(-30) + 9)?
3
Let u(z) = 27*z + 5. Let l be u(-11). Let p = l + 103. What is the remainder when -1 + p/(-5 - -2) is divided by 16?
14
Let j(a) = -2*a**2 + a**2 + 2*a**2 + a**2 - 69*a**3 - 1. Let u be j(1). Calculate the remainder when u/(-6)*(-33)/(-22) is divided by 7.
3
Let h = 0 + -6. Suppose -5*j = 4*d - 91, -5*j - 4*d = -2*d - 83. Calculate the remainder when h/9 - 256/(-6) is divided by j.
12
Suppose 25 = 2*i - 1. Let g = -50 - -87. What is the remainder when g is divided by i?
11
Let d(s) = 2*s**2 - 3*s - 2. Let n be (-2 + 3 + 3)/2. Suppose -n*z + 8 = -2. What is the remainder when d(z) is divided by 12?
9
Let k be (-6)/10 - 12/30. Let n be 84/9*189/k. What is the remainder when 85 is divided by (-2)/5 - n/60?
27
Let u(s) be the first derivative of 0*s + 3/2*s**2 - 12. What is the remainder when u(2) is divided by 2?
0
Suppose -223*m - 1872 = -247*m. Calculate the remainder when 99 is divided by m.
21
Let j = -12 + -9. Calculate the remainder when (-2)/3*j*7 is divided by 34.
30
Suppose -2*o + 2*b + 10 = -0*o, 5*b = -5*o + 5. Calculate the remainder when 19 is divided by o.
1
Suppose 0 = 9*a - 17*a + 40. Let j(u) = 3*u**2 - 4*u + 30. What is the remainder when j(a) is divided by 45?
40
What is the remainder when (273/65)/(63/270) is divided by 1/(-1*(-1)/12)?
6
Let f(l) be the second derivative of -7*l + 0 - 1/3*l**3 - 5/2*l**2 + 1/12*l**4. What is the remainder when f(-8) is divided by 26?
23
Let i(m) = 2*m**3 + 2*m**2 - m + 9. What is the remainder when i(4) is divided by 21?
18
Let b(y) = -y**3 - 64*y**2 - 238*y + 167. Let l = -9 + 21. What is the remainder when b(-60) is divided by l?
11
Calculate the remainder when 41/164 + 774/8 is divided by 29.
10
Calculate the remainder when ((-18)/7)/((-90)/315) is divided by 3.
0
Let n(t) be the second derivative of 1/6*t**3 + 5*t**2 + 2*t + 0. Calculate the remainder when n(-4) is divided by 4.
2
Suppose 5*j - 8*j - 4*l = -77, 4*j + 3*l = 105. Let r = -8 + 14. What is the remainder when j is divided by r?
3
Suppose -8*m + 403 = -101. Calculate the remainder when m is divided by 23.
17
Suppose 3*h - 99 = 6*h. Let u be (-6)/h - 10878/(-66). Let i = -82 + u. Calculate the remainder when i is divided by 28.
27
Let l = 0 + 6. Calculate the remainder when (-84)/(-6) + ((-10)/(-5) - -1) is divided by l.
5
Let y = 38 + -34. Suppose y*k - 2*k = 5*g + 68, 3*g = k - 35. Calculate the remainder when k is divided by 10.
9
Let k = 174 + -173. Let d = 5 - -1. What is the remainder when 46 + -17 + k + -1 is divided by d?
5
Let r(z) = z**2 - 12*z + 4. Let t = 52 - 33. Calculate the remainder when r(t) is divided by 20.
17
Calculate the remainder when 86 is divided by 4*(-235)/40*-2.
39
Let y(b) = -6*b**2 - 3*b + 3. Let g be y(1). What is the remainder when 35 is divided by ((-10)/8)/5*6*g?
8
Let n be (-3)/9*24/(-2). Suppose 4*o + 24 = 5*u, -2*u + 2*o = -6 - n. Suppose -3*y - 2*l = -4 - 10, 4*l = u*y + 8. What is the remainder when 4 is divided by y?
0
Suppose 15 + 9 = 2*f. Let h(b) = 6 - b + 4 - f. What is the remainder when h(-13) is divided by 2?
1
Let w = -176 + 354. What is the remainder when w is divided by 20?
18
Suppose 2*d = -5*w + 22, 3*d + 3*w = -15 + 66. What is the remainder when (-6)/(-24) - (1233/(-12) + 1) is divided by d?
18
Suppose 0 = 5*a - 109 + 114, -4*h + 5*a = -89. What is the remainder when 221 is divided by h?
11
Suppose -9*m = -357 - 543. Calculate the remainder when m is divided by 41.
18
Suppose 0 = 4*d - 2*m - 192, -27*m + 26*m = 5*d - 226. Calculate the remainder when d is divided by 21.
4
Let b(i) = i**3 - 8*i**2 + 18*i + 5. Calculate the remainder when 136 is divided by b(5).
16
Suppose 14 = -3*s + 5*s. Suppose 2*d - 4 = -0, -2*d = -l + 5. Suppose 45 = 2*m - l. Calculate the remainder when m is divided by s.
6
Let x(l) = -l**3 + 7*l**2 + 5*l + 45. Calculate the remainder when x(7) is divided by 59.
21
Let q be 42/(-49)*14/(-4). Suppose -q*l + 2*j = -4, 2*j - j = 2*l - 4. Suppose 0 = 2*g - v - v + 4, -3*g = -v - l. What is the remainder when 6 is divided by g?
0
Let s = 19 - -5. Suppose j = 5*j - s. Let y = 21 - j. What is the remainder when y is divided by 9?
6
Let n = 1901 - 1745. Calculate the remainder when n is divided by 16.
12
Let q(z) = 107*z**3 - z**2 - z + 1. Let o be q(1). Let y = 165 - o. Let j = y - 8. What is the remainder when j is divided by 18?
15
Suppose 3*x - 2*x = -4, 0 = -4*g + 5*x + 116. What is the remainder when 21/(-15 - -18 - 114/40) is divided by g?
20
Let m(t) = 4*t**2 + 2*t - 1. Let q(g) = 2*g**2 + 58*g + 229. What is the remainder when q(-25) is divided by m(1)?
4
Let q(d) = 9*d**2 - d + 8. Let x be q(3). Suppose -z = 2*r - 21, -5*z = -r - 41 - x. What is the remainder when 98 is divided by z?
23
Suppose 0 = -k + 4 - 3. Let y(c) = 31*c. What is the remainder when y(k) is divided by ((-21)/(-63))/((-3)/(-27)) - (-6 - 2)?
9
Suppose 15*w - 362 = 538. Let l be (-1)/(1/1)*-73. Suppose -l = -3*a + 20. What is the remainder when w is divided by a?
29
Suppose -24 = -2*y - 4*y. Suppose -2*v - 114 = -y*b, -3*v = 4*b + 2*v - 121. Calculate the remainder when b is divided by 6.
5
What is the remainder when 115 is divided by ((-6)/(-12))/(6/132)?
5
Let k = 27 + -24. Suppose 2*w = k*n - 17, -4 = w - 2*n + 5*n. Let f(z) = -z**3 - 8*z**2 - 12*z + 4. What is the remainder when f(w) is divided by 14?
11
Suppose r = -5*z + 528, 2*z - 204 = 9*r - 7*r. Calculate the remainder when z is divided by 19.
10
Let g = 323 - 268. Calculate the remainder when 149 is divided by g.
39
Let x(a) = 3*a - 4 + 7 - 3. Suppose -4*s - 3*c = -2*s - 21, 4*c = 5*s + 5. What is the remainder when 23 is divided by x(s)?
5
Suppose 3*o + 6 = 0, 6*g - o - 22 = 2*g. What is the remainder when 94 is divided by -2 + 125/g + -2 + 4?
19
Let j(t) = -t**2 + 13*t - 6. Let d = 88 + -10. Suppose -7*x + x + d = 0. Calculate the remainder when j(6) is divided by x.
10
Let y = 29 - 15. Let d be 39/(-2)*(-8)/12. Suppose -3*t + 2 = -d. Calculate the remainder when y is divided by t.